first derivative of g**4/4 - g**3/3 - g**2/2 + 8. What is q(l)?
2
Let p(y) be the first derivative of -y**4/4 - y**2/2 + 1. Let u(g) = 3*g**3 - 5*g**2 - 1. Let b(k) = 4*p(k) + u(k). Calculate b(-4).
-1
Let s(k) = 2 - 3 - 6*k + k**2 + 0. Determine s(6).
-1
Let k = 8 + -6. Let j(r) = 4*r - k*r**2 - 4*r - r + 2. Suppose 5*z = 4*s - 30, -4*s = z - 23 + 5. Determine j(z).
-4
Suppose 2*c - 3 - 27 = 0. Let n(t) = -2*t - c*t**3 + t + t**2 + 17*t**3. Calculate n(1).
2
Let t(n) = 3*n**2 - 4*n - 2. Let l(c) = c + 1. Let z(h) = 3*l(h) + t(h). Suppose -2*x + 40 = -6*x. Let i = x - -11. Calculate z(i).
3
Let k(z) = 3*z**2 + z + 1. Let p(j) be the second derivative of -1/2*j**2 + 1/2*j**3 + 0 + 1/12*j**4 - 2*j. Let i be p(-3). Calculate k(i).
3
Let x(a) = 7*a + 3. Let s(q) = 11*q + 5. Let y(g) = 5*s(g) - 8*x(g). Calculate y(-6).
7
Let t(c) be the first derivative of -c**4/4 + 2*c**3/3 + 3*c + 6. Determine t(3).
-6
Let h(t) be the second derivative of 1/2*t**2 + 0*t**3 + t + 7/12*t**4 + 0. Calculate h(-1).
8
Let q(d) = -d**3 - 5*d**2 + 6*d + 2. Let u be q(-6). Let p(v) be the second derivative of -1/12*v**4 + 0 + 1/2*v**3 - 1/2*v**2 + u*v. Determine p(3).
-1
Let l(i) = -i**2 - 6*i - 5. Let t(w) = 7*w + 14. Let o be t(-3). Calculate l(o).
-12
Let x be 2/(-1 + 0 + 0). Let n be (8 + -6)/(x/(-3)). Let j(q) = -1 + 2*q**2 - q - q**3 + 2*q**2 + 0*q. What is j(n)?
5
Let p(y) = y - 20. Let i be p(17). Let r(z) = 3*z + 3. What is r(i)?
-6
Let i(k) = k**2 - 6*k - 4. Suppose 0 = q - 3*f + 3, 0*f - 30 = -3*q - 4*f. Give i(q).
-4
Let n(b) = b**3 - 3*b**2. Let a be n(2). Let w(h) = -h**3 - 2*h**2 + h + 7. Let d(l) = -2*l**3 - 5*l**2 + l + 13. Let q(g) = -3*d(g) + 5*w(g). Give q(a).
4
Let z(h) = h**2 + 4*h + 5. Let v(x) = x + 1. Suppose -4*q + 105 = q. Suppose -2*n = i - 3, 7*i - 2*i - q = -4*n. Let k(b) = n*z(b) + 4*v(b). What is k(0)?
-1
Suppose 4*p - 12 = 36. Suppose 0 = -3*v + 3*u - 9 + 21, -5*u - p = -v. Suppose v*s + s = 0. Let g(y) = y**2 + 2. Determine g(s).
2
Let x(n) = n**2 - 9*n + 1. Let f be x(8). Let l(w) = w**2 + 4*w - 9. Give l(f).
12
Suppose -1 = -4*n - 3*y + 14, 0 = -n + 2*y - 10. Suppose 3*z + 2*z - 3*h - 3 = n, 2*h = -2. Suppose z = -3*v + 4 + 5. Let p(u) = -u - 3. Give p(v).
-6
Let u(d) = d**2 - d + 2. Let b be u(-3). Let f(y) = 1 - b*y + 10*y - 11*y. Calculate f(1).
-14
Let m be (-3)/6 - 9/2. Let f(r) = -3*r**2 - 4*r. Let q(l) = 16*l**2 + 20*l. Let z(g) = -11*f(g) - 2*q(g). What is z(m)?
5
Let w(r) = -3*r**2 + 37*r - 13. Let u be w(12). Let p(k) = k**3 + 9*k**2 - k - 5. Let n(i) = -2*i**2 + 1. Let c(y) = -9*n(y) - 2*p(y). Give c(u).
1
Let l(p) = 5 + 2*p - 3 - 20. Determine l(12).
6
Let n be 4*(-2 - (-22)/8). Let j = 2 - n. Let l be 42/(-24) - j/(-4). Let r(o) = o**3 + 2*o**2 + 2*o. Calculate r(l).
-4
Let w(k) = k**3 - 4*k**2 - 8*k + 7. Let d(f) = -f - 1. Let r be d(-5). Suppose 2*q + r - 14 = 0. Calculate w(q).
-8
Let j(m) = -m**3 - 2*m**2 - m - 4. Suppose -15 = 18*p - 13*p. What is j(p)?
8
Let a(l) = -3*l**3 - 3*l**2 - 3*l + 1. Let r(z) = -8*z**3 - 8*z**2 - 8*z + 4. Let u(f) = 11*a(f) - 4*r(f). Let w(g) = -4*g + 20. Let i be w(5). Give u(i).
-5
Let s(z) = 3*z - 6. Let r(n) = -12*n + 26. Let l(w) = -6*w + 13. Let y(x) = 5*l(x) - 2*r(x). Suppose m - 2 + 0 = 0. Let k(f) = m*y(f) + 5*s(f). Calculate k(4).
8
Let v(c) = c**2 + 3. Let g be v(0). Let u(j) = j + 4. Let p be u(g). Let t(b) = -b + 0*b - p + 4. Determine t(-4).
1
Let v(y) = -y**3 - 4*y**2 - 5*y - 4. Let c = 1 - 0. Let n be (-2 - -65)/3 + c. Suppose -x = m + 5, 4*x = -4*m - x - n. Determine v(m).
2
Let g(u) be the second derivative of 8*u - 1/2*u**2 - 1/20*u**5 - u**3 + 0 - 7/12*u**4. Give g(-6).
-1
Let d be ((-36)/10)/(2/(-5)). Suppose -5*v - d = 6. Let g = -7 - v. Let m(q) = -q - 8. What is m(g)?
-4
Let n(u) = -5*u. Let l be n(3). Let t = 21 + l. Let r(k) = -k**2 + 4*k. What is r(t)?
-12
Suppose -6*t + 2*t + 8 = 0. Let w(i) = 2 - 3*i**3 - 1 - t*i**3 - i**2 + 4*i**3 + i. Calculate w(0).
1
Let d = -11 - -8. Let h(b) be the third derivative of b**4/8 - 2*b**2. Let s(y) = 2*y. Let v(g) = -5*h(g) + 7*s(g). Determine v(d).
3
Let l be (6/(-4))/((-2)/(-4)). Suppose r - p = p + 5, -2*r + 2*p = -6. Let v(t) = -3*t**3 - 2*t + 2*t**3 + 1 - 4*t**2 + r. Calculate v(l).
-1
Let j(v) = v**2 - 3*v + 1. Suppose p + 3*x = 11, 0 = 3*p - 4*p + 2*x + 16. Suppose -11 = -5*y + p. Suppose -2 = o - y. Calculate j(o).
1
Suppose -q + 2 = -2. Suppose 2*i + 10 = 2*v, 2*i + 15 = 3*v + q*i. Suppose -v*l - 17 = p - 2*p, 0 = -4*l - 16. Let x(a) = a**3 + 3*a**2 + 2*a + 4. Give x(p).
-2
Let f(t) be the third derivative of -t**4/12 + t**3/3 - t**2. Let j be 4/(-10) - (-316)/(-10). Let s = -27 - j. Calculate f(s).
-8
Let c(n) be the first derivative of n**4/24 + 3*n**2/2 + 4. Let w(l) be the second derivative of c(l). What is w(3)?
3
Let g = 2 - -3. Suppose -g*f + 4*f = -4, -2*m + 6 = f. Let t(s) = s**2. Calculate t(m).
1
Let c(h) = h**2 - h + 1. Suppose -b - b + 16 = 2*a, 5*b = 5*a. Determine c(a).
13
Let l(k) = 2*k - 1. Suppose -18 = -2*j - 4*t, 0*j - 3*j + 2*t + 3 = 0. Let i be (3/9)/((-1)/j). Give l(i).
-3
Let x(w) = w**2 + 4*w + 1. Let y be (-2)/9 + (-11)/(-9). Let i be y + 0 - (-3 + 1). Suppose 0 = 2*f + i*f + 25. Calculate x(f).
6
Let c = 19 - 15. Suppose 0 = 3*j - 5*j + c*y + 10, 7 = j - 4*y. Let z(i) be the second derivative of -i**4/12 + 5*i**3/6 - 3*i**2/2 - i. Give z(j).
3
Let w(k) = 3 - 2 - 5 - k. Give w(3).
-7
Let f = 1 + 0. Let k(c) = 7*c**3 + c**2 + 2*c - 2. Let a(t) = -6*t**3 - t**2 - t + 1. Let x(y) = 3*a(y) + 2*k(y). What is x(f)?
-5
Let x(m) = -m**2 - m - 1. Let l(z) = -7*z**2 - 5*z - 5. Let f(t) = -l(t) + 4*x(t). Calculate f(-1).
3
Let s(b) = 2*b. Let u(z) = -5*z + 1. Let h(y) = 2*s(y) + u(y). Calculate h(6).
-5
Let y be (-14)/(-6) - 4/(-6). Suppose -m - 1 = y. Let w(d) = 6*d**2 + d + 9. Let a(z) = 5*z**2 + z + 8. Let j(u) = m*w(u) + 5*a(u). Determine j(0).
4
Let w(r) = -4*r**3 - 4*r**2 + 9*r + 5. Let p(f) = -7*f**3 - 8*f**2 + 17*f + 10. Let c(v) = 3*p(v) - 5*w(v). Give c(-4).
-19
Let k(l) = l**3 + 3*l**2 - 2*l - 2. Let i be k(-3). Let o(t) = t**3 - 4*t**2 + 2*t + 4. Give o(i).
12
Let u(g) = -g**2 + 7*g - 6. Let o be u(5). Suppose 0 = -3*a + 10 + 2. Let t(z) = -z - 1 + a*z - o*z. What is t(4)?
-5
Let n(s) = 8*s - s + 53*s**2 - 54*s**2 - 2. What is n(6)?
4
Suppose 2*j + 3*r = 19, 4*j - 2*r - r - 11 = 0. Let o(l) = 4 - 1 + 227*l + 0 - 229*l. Determine o(j).
-7
Let c(j) = j**2. Suppose -3*w = 2*w - 3*w. What is c(w)?
0
Let x(l) = -l + 6. Let f be x(7). Let z(r) = r - 1. Let s(t) = 7*t - 3. Let j(h) = f*s(h) + 4*z(h). Calculate j(-2).
5
Let b(h) = -5*h**3 - 1. Suppose 2*n - 2*g - 18 = 0, 2*n + 4*g = -g - 17. Let s = 4 - n. Let w be (-2 - (-1 - s))/(-1). Calculate b(w).
-6
Let f(l) = -3*l. Let r = -8 + 5. Let v be ((-1)/r)/(2/(-6)). Let y be (0 + 0 + 2)/v. Give f(y).
6
Let g(y) be the second derivative of -5*y**5/4 + y**4/6 - y**3/3 + y**2/2 - 23*y. Calculate g(1).
-24
Let m(z) = z**3 + 4*z**2 + z + 3. Let l = 8 + -7. Let c be (0 - 3 - 1)*l. Calculate m(c).
-1
Let j(o) = -o**3 - 13*o**2 + o + 8. Let n(q) = q**3 + 6*q**2 - 6*q - 6. Let y be n(-7). Let u be j(y). Let x(i) = -i**3 - 6*i**2 - 3*i + 4. Calculate x(u).
-6
Let c(l) = l**2 + 6*l + 4. Let s be c(-6). Let v(g) = -3 + s*g**2 + 3 + 4 - 2*g + g**3. Calculate v(-5).
-11
Let f(j) = 4*j**3 - j**3 + 4*j**2 - 2*j**3 + 3*j. Let q = 9 + -12. Give f(q).
0
Let x(s) be the third derivative of s**5/120 - 5*s**4/24 + s**3/2 + 5*s**2. Let f(d) be the first derivative of x(d). Determine f(-4).
-9
Suppose 3*b = 5*j + 17 + 17, 0 = 5*b + 3*j. Suppose -b*p + 12 = w, -5*w = -p - 0*w - 12. Let k(r) = r - 2. Determine k(p).
1
Suppose -2*p - 3*x + 1 = 0, -5*x = 4*p - 0 - 5. Let n(j) = j**2 - 8*j + 5. Determine n(p).
-10
Suppose -30 = 3*b + 2*i, 0*b + 4 = -2*b + 4*i. Let t(m) = -m**2 - 8*m - 1. Give t(b).
-1
Let d(b) be the first derivative of -b**4/4 + b**3 + 5*b**2/2 + b + 10. What is d(4)?
5
Let d be 10/6 + (-21)/(-63). Let o(g) = -6*g - 1. Determine o(d).
-13
Let s(d) = -13*d - 1. Let n be s(-1). Let w = 14 - n. Let k(h) = -2*h**3 + 2*h**2 + 2*h - 2. Determine k(w).
-6
Suppose 2 = -o - 3*u, -5*o + 2*u = u - 38. Let n(q) be the first derivative of q**2/2 - 10*q + 4. What is n(o)?
-3
Let n(i) = i + 0*i - 2*i. Let c(p) = -2*p - 7. Let l(r) = -3*r - 14. Let u(t) = -5*c(t) + 3*l(t). L